the units digit of ((-1)/r)/((-2)/132)?
3
Let t(o) = -o**2 + 13*o - 9. Let k be t(7). Let d = 70 - k. What is the tens digit of d?
3
Let b be 4/(-6)*(2 + -8). Let z(c) = -2*c - 3*c + 5*c + c. What is the units digit of z(b)?
4
Let p(c) be the third derivative of -c**5/60 + 11*c**4/24 + c**3/2 + 6*c**2. Let o be p(8). Let w = -12 + o. What is the units digit of w?
5
Suppose -l + 1430 = 2*s - 243, 4*s = -5*l + 8389. What is the units digit of l?
1
Suppose 0 = 23*c - 12*c - 11715. What is the hundreds digit of c?
0
Suppose 7*m - 3*z + 20445 = 12*m, -m = 3*z - 4077. What is the thousands digit of m?
4
Suppose 2*l = 4*b + 136, -3*l + 180 = 5*b - 3*b. Suppose -5*o + l = -88. What is the tens digit of o?
3
Suppose 0 = -3*z - w + 5*w + 1261, w + 839 = 2*z. What is the tens digit of z?
1
Let g = 360 + 134. Suppose 3*w - 636 = -2*h + 131, -3*h - g = -2*w. What is the hundreds digit of w?
2
What is the units digit of (4 + 4)*190/8 + -3?
7
Let r = -8 + 16. Suppose -r*m = -3*m - 15. Suppose 0 = n + 4*f - 27, -5*n + 0*f + m*f = -66. What is the units digit of n?
5
Suppose 2*b + 3*h = -159 - 25, 0 = -3*b - h - 269. Let l = b - -126. What is the units digit of l?
7
Suppose 8*h - 4*h = 4*s - 8, -2*s - h - 2 = 0. Let w(m) = 16*m**2 + m - 1. Let j be w(1). Suppose 2*y + 2*z + 2*z = j, 4*z = s. What is the units digit of y?
8
Suppose 9*j + 4*m = 10*j - 261, -3*m + 828 = 3*j. What is the tens digit of j?
7
Suppose -2*p + 3*l = p, 2*p - 4*l - 10 = 0. Let d(c) = -c**2 - 5*c + 4. What is the units digit of d(p)?
4
Let b(k) = -k**3 - 12*k**2 - 21*k + 20. What is the tens digit of b(-10)?
3
Suppose 3*v + 3*x - 2*x - 20 = 0, 3*x = 4*v - 5. Suppose 0*m - v*c + 40 = -3*m, 5*m + 77 = -2*c. Let w = m + 24. What is the units digit of w?
9
Suppose 7*i = -0*i + 14. Let a be (-17 - 0) + -2 + i. Let t(h) = -h - 2. What is the tens digit of t(a)?
1
Let a(t) = -12*t + 427. What is the thousands digit of a(-50)?
1
Let r(i) be the third derivative of -i**5/60 - 7*i**4/24 - 2*i**3 - 8*i**2. Let g be r(-6). What is the units digit of (-290)/(-15) + 2/g?
9
Suppose -4*w = 4*r - 640, 33*r - 32*r + 2*w = 165. What is the units digit of r?
5
Suppose -37 = -d + 2*y + 12, 0 = -3*d + y + 162. What is the units digit of d?
5
Suppose -3*z = -5*p + 14, 2*p - 1 = z + 4. Let k(t) = t + 7. Let n be k(z). Suppose 33 + 35 = n*m. What is the units digit of m?
7
Let c = -28 - -30. Suppose c*m - 38 = 22. What is the units digit of m?
0
Let k(i) = 5*i**3 + 20*i**2 - 13*i + 8. What is the hundreds digit of k(5)?
0
Suppose -2*h = -25 - 25. Suppose 0 = 2*y - 1 - h. Suppose 5*l = 7 + y. What is the units digit of l?
4
Let j = 21 - 11. Suppose j = -2*c - 36. Let k = 43 + c. What is the tens digit of k?
2
Suppose -3*b - 2*b + i + 29848 = 0, b = -4*i + 5957. What is the units digit of b?
9
Suppose -3*p + 3985 = y - 2*p, 2*p = 3*y - 11980. What is the tens digit of y?
9
Suppose 2178 + 2334 = 4*f - 3*g, 3384 = 3*f - 2*g. What is the hundreds digit of f?
1
Suppose 3*k - 2*y = 740, 3*y - 8 = 7. What is the units digit of k?
0
Suppose 55800 = 1112*i - 1094*i. What is the hundreds digit of i?
1
What is the units digit of ((-2)/6)/((-1)/3384)?
8
Let y be (36/8 - 3)*2. Suppose 0*n - 4*o = y*n - 29, 35 = 5*n + 4*o. Suppose -l - 21 = -n*r + 2*l, -3*r - 3*l = 3. What is the units digit of r?
3
Suppose 2*r = 5*g - r - 12, -11 = -3*g - 2*r. Suppose g*b + 63 = m - 14, 67 = m - b. What is the tens digit of m?
6
Let f = 111 - 24. Suppose -y + f = -5*k, y + 5*k = -4*y + 585. What is the tens digit of y?
1
Let f be 5/(-2)*(-690)/25. What is the tens digit of (0 + f)*(9 + 46/(-6))?
9
Let l(b) = -5*b - 2. Let o be 3 + -2*3/2. Let x = o - 2. What is the units digit of l(x)?
8
Let i(s) = -s**2 - 5*s - 4. Let a be i(-3). Suppose -2 = 4*m + a. What is the units digit of 18/3 - (2 + m)?
5
Suppose 17*y - 18*y = -5. Suppose y*r - 106 = 69. What is the units digit of r?
5
Suppose 22*n - 10*n - 3420 = 0. What is the units digit of n?
5
Let l(u) = -u + 37. Let d be l(0). Suppose 5*h = -m + 122, 4*h - 3*m = 2*m + 86. Let k = d - h. What is the units digit of k?
3
Suppose -5*l = 5*d - 40, -19 = -l - l - 5*d. Let w = l + -2. What is the units digit of 15/25*w*11?
3
Let b be 4/(-4 - 14/(-3)). Let h(i) = i**3 - 7*i**2 + 6*i + 10. What is the tens digit of h(b)?
1
Let a(x) = 17*x + 21. What is the tens digit of a(12)?
2
Let o = 199 + -136. Suppose o = -9*r + 6*r. What is the tens digit of (-413)/r + 2/6?
2
Let h be 2/(-1)*(-11 + -3). Let q = h + -18. Suppose 2*s + 3*s = q. What is the units digit of s?
2
Let l be 153/204 - (2/(-8) - 0). Let s(u) = 228*u**2 - 5*u + 4. What is the hundreds digit of s(l)?
2
Suppose -2*h - i + 18 = 0, 0*h - 4*h + 2*i + 44 = 0. Suppose -3*y = -f + 96, -f + h*y + 104 = 5*y. What is the units digit of f?
4
Let m(a) be the second derivative of -3/2*a**2 - 9*a + 0*a**3 + 1/12*a**4 + 1/20*a**5 + 0. What is the units digit of m(3)?
3
What is the tens digit of (2 - 295)/((-6)/18)?
7
Let c be 5/(-25) - 228/10. Let j = 0 - c. Let x = j + -15. What is the units digit of x?
8
Let o be (-1220)/(-10) - (-2)/(-2). Suppose -11*x - o = -2*j - 6*x, 0 = -2*j + 4*x + 116. What is the tens digit of j?
4
What is the tens digit of -1*8/2 + 3978 + 54?
2
Let r be 2/(((-3)/(-5))/3). Let q(w) = w - 10. Let f be q(r). Suppose f = h - 1, g - 5*h = -2. What is the units digit of g?
3
Let i = 59 - 57. Suppose 0*l - i*c = -3*l + 136, -5*c = l - 34. What is the units digit of l?
4
Suppose 7190 = -s + 3*s - 4*z, 4*s = 3*z + 14360. What is the units digit of s?
7
Let z(q) = -138*q + 283. What is the tens digit of z(-20)?
4
Let m = -23 + 23. Suppose m*o + 2205 = 7*o. What is the hundreds digit of o?
3
Suppose -2*g - 36*i + 34*i = -4342, -2*g + 4*i = -4348. What is the thousands digit of g?
2
Suppose 290 - 35 = 3*c. Let p = 254 - c. What is the hundreds digit of p?
1
Suppose 20 = 5*j - 0*j. Suppose 6 = 7*n - j*n. Suppose 3*b - 66 = 3*g, -n*g + 30 + 16 = 3*b. What is the tens digit of b?
1
Suppose 307 = 3*q - 125. Suppose -s = 2*t - 129, -2*t - 2*s = 2*s - q. What is the tens digit of t?
6
Suppose 3*g - 2882 = -4*k, -5*k + 2061 = -5*g - 1559. What is the hundreds digit of k?
7
Let g = -205 + 946. What is the tens digit of g?
4
Suppose -5*p - 9*p + 924 = 0. What is the tens digit of p?
6
Suppose 53*m - 13685 = 30*m. What is the hundreds digit of m?
5
Let q(y) = -y**2 - 6*y + 1. Let d be q(-6). Let t be (-1*270/5)/d. What is the tens digit of (-4116)/t + (-6)/27?
7
Suppose -9*k = -259 - 2855. What is the hundreds digit of k?
3
Let t(k) = k**3 + 18*k**2 - 22*k - 13. Let i be t(-19). What is the tens digit of (0 - (0/(-4) - 1)) + i?
4
What is the hundreds digit of 1 - 4 - -307*2?
6
Suppose -615 = -2*v - 5*w, -15*w = 3*v - 20*w - 960. What is the units digit of v?
5
Let l be (2/(-5) + (-34)/(-10))*1. Let y(r) = r**2 - 3. What is the units digit of y(l)?
6
Let c = -910 - -1323. What is the tens digit of c?
1
What is the tens digit of (-21 - 1)/((-232)/5452)?
1
Suppose 318*j = 317*j + 36. What is the tens digit of j?
3
Let v(o) = -o**3 - 5*o**2 - o + 5. Let z be v(-5). Let n = 12 - z. Suppose 0 = -3*a - c + 5 + 15, -24 = -n*a + 2*c. What is the units digit of a?
8
Suppose i - 2*z = -2*i + 1653, -z = 0. Suppose 3*n - d - i = 0, 723 = 4*n + 3*d - 2*d. What is the tens digit of n?
8
Let u = 101 - -15. Suppose 8*s = 10*s + u. Let a = s + 113. What is the tens digit of a?
5
Let y = 15 - 16. Let l be 5 + (4/(-2) - y). Suppose 4*n + 0*n + 4*t - 40 = 0, -l*n + 22 = -5*t. What is the units digit of n?
8
Suppose -5*u + 0 = -s - 1, 5*s - 19 = u. What is the units digit of u/(-4*3/(-72))?
6
Suppose -43*u + 37*u + 4704 = 0. What is the hundreds digit of u?
7
Let x be (-4 + 1 - -2)*1. What is the tens digit of x/2*-5*6?
1
Let s = 776 - 437. Suppose -4*p + s = -p. What is the hundreds digit of p?
1
Let f be 260/220 - 2/11. Suppose 2*t = -5*v - 163, t + 4*t - 5 = 0. What is the units digit of 4 + -4 + (f - v)?
4
Let j be -32*((-44)/(-16) - 2). Let b = j - -34. Suppose 15*q - b*q - 165 = 0. What is the tens digit of q?
3
Let g be (-8 - -167)*2/6. Suppose g*p - 50*p = 297. What is the tens digit of p?
9
Let f be (-102)/(-14) + (-6)/21. Suppose -2*x + k = -f*x + 45, 15 = -3*k. What is the tens digit of x?
1
Suppose -2*f + 3 + 1 = 0, -2*h - 3*f = -10. Suppose -8*a + 816 = -h*